e l + l = w. Calculate the remainder when l is divided by 25/15*3 - -2.
5
Let k(p) = -7*p - 3. Suppose 8 + 2 = 5*c. Suppose -3*u + 7*y = 2*y - 35, -2*u + 18 = c*y. Calculate the remainder when k(-3) is divided by u.
8
Suppose 0 = y - 0*y - 1, d - 3 = -4*y. Let j be (1/d)/1 - 0. Let i = 22 - j. Calculate the remainder when i is divided by 6.
5
Let w(a) = a**2 + 44. Suppose j + 4*o = 23, 10 = o + o. Suppose -4*c + 15 = -j*c. What is the remainder when w(0) is divided by c?
14
Let x(g) = 6*g**3 - g**2 - 2. What is the remainder when x(2) is divided by 11?
9
Suppose 185 = 4*z - 59. What is the remainder when z is divided by 33/2 - 2/4?
13
Suppose -2*a = p + 2*p - 73, -63 = -2*a - p. Calculate the remainder when 86 is divided by a.
28
Let h(o) = -o + 2. Calculate the remainder when 14 is divided by h(-3).
4
Let h(a) be the third derivative of a**5/20 - a**4/8 - a**3/3 - a**2. Let s = -1 - 1. What is the remainder when 30 is divided by h(s)?
14
Suppose g = 2*g - 22. Suppose g = q + q. What is the remainder when q is divided by 6?
5
Let u(b) = -2*b + 3. Suppose -2*r + s + 8 = 0, 4*s = 2*s. What is the remainder when ((-124)/r)/(2/(-2)) is divided by u(-4)?
9
Suppose -23*z + 145 = -18*z. What is the remainder when 114 is divided by z?
27
Suppose 309 = 3*y + 36. Suppose -4*n + 3*m + y = 2*m, -89 = -4*n + 3*m. What is the remainder when 68 is divided by n?
22
Let g(q) = q + 24. Let z = 15 + 18. Let y = -20 + z. Calculate the remainder when g(0) is divided by y.
11
Let m(h) = -h**3 - 3*h**2 + h - 5. Let z(g) = -2*g**3 - 3*g**2 + 3*g + 1. Calculate the remainder when z(-3) is divided by m(-4).
5
Let w = -5 + 18. What is the remainder when 23 is divided by w?
10
Suppose 6*h = 10*h - 388. Calculate the remainder when h is divided by 49.
48
Let k be (2/8)/((-6)/(-48)). Calculate the remainder when ((-2)/3)/(k/(-75)) is divided by 7.
4
Suppose v + 2*a - 1 = 0, 0 = 4*v - a + 3*a + 2. Calculate the remainder when 5 is divided by (-1)/((-3)/(-6) + v).
1
Suppose 2*f + 2*d + 8 = 0, -3*f + d - 6 = 2. Let p(z) = z**2 - z. Let j be p(1). Calculate the remainder when 2 + j + f - -5 is divided by 2.
0
Suppose -7*w + 11 = -3*w - 5*k, -w + 2 = -2*k. Suppose 0 = -w*q + 5*x + 130, 5*q - 3*x = q + 126. What is the remainder when q is divided by 16?
14
Let m = 4 - -20. What is the remainder when 94 is divided by m?
22
Calculate the remainder when (4*(-2)/(-20))/((-17)/(-340)) is divided by 6.
2
Let k(l) = l**3 - 3*l**2 - 7*l + 2. Calculate the remainder when k(5) is divided by 9.
8
Let s = 29 - -3. Suppose -2*c + s = -4. What is the remainder when c is divided by 10?
8
Let d(u) = u**3 + 5*u**2 - 18*u - 8. What is the remainder when d(-7) is divided by 3?
2
Let z(b) = b + b**3 - 9 + 3*b + b**2 - 2*b - 13*b**2. Let p = -15 - -43. What is the remainder when p is divided by z(12)?
13
Let t(w) = w**3 + 7*w**2 - w. Let j be t(-7). Let p(g) = -g**2 + 9*g - 10. What is the remainder when (45/(-6))/(6/(-8)) is divided by p(j)?
2
Let q = 30 + -10. Let g = -9 - -17. Let t = g - 1. Calculate the remainder when q is divided by t.
6
Suppose -u + 1 = -4. Suppose 0 = -u*y + 3*y + 20. Calculate the remainder when 29 is divided by y.
9
Let f(h) = h**3 + 1. Let y be f(-2). Let c = y - -13. What is the remainder when 16 is divided by c?
4
Suppose -w + 23 = 5*g - 2*g, w - 27 = -2*g. Calculate the remainder when w is divided by 14.
7
Let s(d) = 12*d**2 + 2*d. Let o be s(-2). Let a = o + -22. What is the remainder when 65 is divided by a?
21
Let l(u) = -u**3 - 7*u**2 - 3*u - 18. What is the remainder when 7 is divided by l(-7)?
1
Let y(o) = -10*o - 24. What is the remainder when y(-8) is divided by 19?
18
Let i = 157 + -142. What is the remainder when i is divided by 9?
6
Suppose 0 = 3*w + 31 - 142. What is the remainder when 68 is divided by w?
31
Let b(x) = -x**3 - 7*x**2 - 9*x - 9. Suppose 28*l = 23*l + 85. Calculate the remainder when l is divided by b(-6).
8
Let g(r) = -8*r + 7. Suppose -92 = 6*n - 242. Calculate the remainder when g(-5) is divided by n.
22
Suppose 3*f = -2*l + 411, 0 = 3*f + f - 3*l - 548. Calculate the remainder when f is divided by 23.
22
Let k be (-738)/(-4) - 1/2. Suppose -4*m + k = 5*s, 4*m + 5*s - 184 = 3*s. Calculate the remainder when m is divided by 24.
22
Suppose -3*a - 1 + 28 = 0. Suppose 2*z - 8 = 10. Let m = z - -17. Calculate the remainder when m is divided by a.
8
Let z(j) = j**2 - j - 1. Let t be z(3). Calculate the remainder when 145 is divided by 37/((1 - t) + 5).
34
Let f(b) = -b**3 + 19*b**2 - 16*b - 2. Calculate the remainder when 101 is divided by f(18).
33
Let a(h) = -h - 2. Let r(u) = -u**3 - 5*u**2 - 2*u - 4. Let t = -2 + -3. Calculate the remainder when r(t) is divided by a(-6).
2
Calculate the remainder when ((-74)/2)/(-1*1/2) is divided by 25.
24
Suppose 4*l - l = 0, 3*l + 6 = r. Let k(t) = t**2 + 4*t - 4. What is the remainder when k(3) is divided by r?
5
Let x(q) = -q + 0*q**2 - 5*q**2 - 5*q + q**3. Let y be x(6). Let l = 7 + y. Calculate the remainder when 19 is divided by l.
5
Let i(u) = -u**2 + 6*u + 3. Let y be i(6). Suppose w + 0 = -5*s - 9, 4*s = -y*w - 60. What is the remainder when (15/(-9))/(1/w) is divided by 14?
12
Let q = 36 - 26. Suppose 5*h + 0 - q = 0. What is the remainder when h is divided by 1?
0
Suppose -q = -5*q + b + 23, -22 = -2*q + 4*b. Let v = -9 - -11. Suppose -2*s - v*g = -16, -s + q*g - 22 = -4*s. What is the remainder when s is divided by 5?
4
Let c(s) = s**3 + 5*s**2 + 3. Calculate the remainder when c(-4) is divided by 7.
5
Suppose -10 + 0 = -y. Suppose -13 - 103 = -4*f. Calculate the remainder when f is divided by y.
9
Let l(s) = -2*s + 1. Let t be l(1). Let a(o) = -3*o**2. Let c be a(t). What is the remainder when 9 is divided by (c/9)/(2/(-30))?
4
Suppose 0 = g + 10 - 1. Let h(a) = a**3 - 3*a**2 - 8*a + 6. Calculate the remainder when h(5) is divided by g/(((-27)/6)/3).
4
Let i(g) = 4*g - 2. Let b be i(-1). What is the remainder when 19 is divided by (-28)/b + 11/33?
4
Let p = -3 + 1. What is the remainder when (-4)/(-14) + (-330)/(-21) is divided by 2*4 - 2/p?
7
What is the remainder when 19 is divided by (-8)/(2 - 4) - -6?
9
Let u = -17 + 22. Calculate the remainder when 17 is divided by u.
2
Suppose 4 = -3*a + 43. Let z = 18 + -10. Calculate the remainder when a is divided by z.
5
Let c(b) = -1 + 3*b - 2*b + 2*b. Let o be c(3). What is the remainder when 29 is divided by ((-10)/o)/((-3)/24)?
9
Let j = 37 + -20. Suppose 4*y - 2*k + 34 = 298, y + 4*k = 57. What is the remainder when y is divided by j?
14
Suppose -1 = -3*h - 16. Let t(c) = -c**3 - 4*c**2 + c. Calculate the remainder when t(h) is divided by 11.
9
Let f be 3 + (-2 + 4 - 85). Calculate the remainder when (21/(-2))/(30/f) is divided by 10.
8
Suppose -4 = 2*z - 10. Let c = z + 7. What is the remainder when c is divided by -2 - -4 - 4/(-2)?
2
Suppose 5*g = q + 441, 4*g - 7*g + 283 = 4*q. Suppose g - 29 = 6*o. What is the remainder when 18 is divided by o?
8
Suppose 2842 = -5*d - 4*q, d = -0*q - 2*q - 566. Calculate the remainder when (0 - -1)/((-10)/d) is divided by 20.
17
Let u = 7 - -4. Let y be (-4)/10 - (-634)/10. Suppose y = j + 2*j. What is the remainder when j is divided by u?
10
Let y = 13 - -12. Suppose 0 = -h + 6*h - y, 3*h = 3*c - 141. What is the remainder when c is divided by 18?
16
Let r = -67 + 78. Calculate the remainder when r is divided by 5.
1
What is the remainder when 77 is divided by 20 + 11 + -1 + (0 - 3)?
23
Let i(v) = 5*v + 40. Calculate the remainder when 74 is divided by i(-5).
14
Let l(c) = 3*c**2 - 2*c + 1. Let p = 9 - 11. What is the remainder when l(p) is divided by 6?
5
Let t be -35 + 4 + 1*-2. Let z = t - -23. Calculate the remainder when 40 is divided by ((-28)/(-10))/((-2)/z).
12
Suppose -h = -2*w + h + 24, -3*w + 4*h = -38. Suppose -3*p + 57 + 27 = 0. What is the remainder when p is divided by w?
8
Let r(q) = q**3 - q + 1. Let s be r(0). Let v be (-59)/(-2) - s/(-2). Let y = v - 21. Calculate the remainder when 26 is divided by y.
8
Let w = 3 - -2. Suppose 60 = 5*l + w*g, 55 = 4*l + 5*g + 6. Suppose 2*v - 2 = t, 5*t - 14 = -v + 3*v. Calculate the remainder when l is divided by t.
3
Suppose 1 = x - 2. Let i = -44 + 26. Let v = i + 26. Calculate the remainder when v is divided by x.
2
Suppose -4*a - 2*q + 21 = -53